{"id":122,"date":"2015-03-22T20:04:27","date_gmt":"2015-03-22T19:04:27","guid":{"rendered":"http:\/\/www.zollinger-theater.de\/wp\/?page_id=122"},"modified":"2017-10-08T18:53:30","modified_gmt":"2017-10-08T16:53:30","slug":"drei-maenner-im-schnee","status":"publish","type":"page","link":"http:\/\/www.zollinger-theater.de\/?page_id=122","title":{"rendered":"2015 &#8211; Drei M\u00e4nner im Schnee"},"content":{"rendered":"<p>Der etwas exzentrische und gutm\u00fctige und Million\u00e4r Tobler will die Menschen studieren. Er beteiligt sich unter dem Namen Schulze an einem Preisausschreiben\u00a0seiner eigenen Firma. Er gewinnt den zweiten Preis: einen zehnt\u00e4gigen Aufenthalt im &#8222;Grandhotel Bruckbeuren&#8220; in den verschneiten Alpen. Als Begleiter nimmt er seinen langj\u00e4hrigen Diener Johann mit, der sich als Schifffahrtslinienbesitzer ausgeben soll.<br \/>\nVor Ort trifft er auch den Gewinner des ersten Preises, den arbeitslosen Werbefachmann Dr. Fritz Hagedorn, und freundet sich mit ihm an.<br \/>\nNachdem\u00a0Toblers besorgte junge Tochter Hildegard die Ankunft eines verkleideten Million\u00e4rs und dessen Gewohnheiten dem Hotel angek\u00fcndigt hatte, jedoch den Namen nicht mehr nennen konnte, kommt es dazu dass der Falsche f\u00fcr den Millon\u00e4r gehalten wird.<br \/>\nNach einigen Tagen wird Tobler auf Druck der \u00fcbrigen G\u00e4ste aus dem Hotel geekelt. Vor der Abreise kl\u00e4rt Hildegard, inzwischen im Hotel angekommen, den Hoteldirektor \u00fcber die Verwechslung auf, der daraufhin beinahe einen Nervenzusammenbruch erleidet.<span style=\"line-height: 1.5;\">Inzwischen hat sich Dr. Hagedorn in Hildegard verliebt und die beiden m\u00f6chten Heiraten, doch Dr. Hagedorn glaubt, er habe es mit armen Leuten zu tun&#8230;.\u00a0<\/span><\/p>\n","protected":false},"excerpt":{"rendered":"<p>Der etwas exzentrische und gutm\u00fctige und Million\u00e4r Tobler will die Menschen studieren. Er beteiligt sich unter dem Namen Schulze an einem Preisausschreiben\u00a0seiner eigenen Firma. Er gewinnt den zweiten Preis: einen zehnt\u00e4gigen Aufenthalt im &#8222;Grandhotel Bruckbeuren&#8220; in den verschneiten Alpen. Als Begleiter nimmt er seinen langj\u00e4hrigen Diener Johann mit, der sich als Schifffahrtslinienbesitzer ausgeben soll. Vor &#8230; <a title=\"2015 &#8211; Drei M\u00e4nner im Schnee\" class=\"read-more\" href=\"http:\/\/www.zollinger-theater.de\/?page_id=122\" aria-label=\"Mehr Informationen \u00fcber 2015 &#8211; Drei M\u00e4nner im Schnee\">Weiterlesen<\/a><\/p>\n","protected":false},"author":1,"featured_media":0,"parent":29,"menu_order":2,"comment_status":"open","ping_status":"closed","template":"","meta":{"footnotes":""},"class_list":["post-122","page","type-page","status-publish"],"_links":{"self":[{"href":"http:\/\/www.zollinger-theater.de\/index.php?rest_route=\/wp\/v2\/pages\/122","targetHints":{"allow":["GET"]}}],"collection":[{"href":"http:\/\/www.zollinger-theater.de\/index.php?rest_route=\/wp\/v2\/pages"}],"about":[{"href":"http:\/\/www.zollinger-theater.de\/index.php?rest_route=\/wp\/v2\/types\/page"}],"author":[{"embeddable":true,"href":"http:\/\/www.zollinger-theater.de\/index.php?rest_route=\/wp\/v2\/users\/1"}],"replies":[{"embeddable":true,"href":"http:\/\/www.zollinger-theater.de\/index.php?rest_route=%2Fwp%2Fv2%2Fcomments&post=122"}],"version-history":[{"count":2,"href":"http:\/\/www.zollinger-theater.de\/index.php?rest_route=\/wp\/v2\/pages\/122\/revisions"}],"predecessor-version":[{"id":392,"href":"http:\/\/www.zollinger-theater.de\/index.php?rest_route=\/wp\/v2\/pages\/122\/revisions\/392"}],"up":[{"embeddable":true,"href":"http:\/\/www.zollinger-theater.de\/index.php?rest_route=\/wp\/v2\/pages\/29"}],"wp:attachment":[{"href":"http:\/\/www.zollinger-theater.de\/index.php?rest_route=%2Fwp%2Fv2%2Fmedia&parent=122"}],"curies":[{"name":"wp","href":"https:\/\/api.w.org\/{rel}","templated":true}]}}